e the prime factors of 5454?
2, 3, 101
List the prime factors of 201.
3, 67
List the prime factors of 3909.
3, 1303
List the prime factors of 56304.
2, 3, 17, 23
What are the prime factors of 6989?
29, 241
What are the prime factors of 7509?
3, 2503
List the prime factors of 11019.
3, 3673
List the prime factors of 472.
2, 59
What are the prime factors of 3379?
31, 109
List the prime factors of 2559.
3, 853
List the prime factors of 43503.
3, 17, 853
What are the prime factors of 18165?
3, 5, 7, 173
List the prime factors of 707.
7, 101
List the prime factors of 35558.
2, 23, 773
List the prime factors of 297.
3, 11
List the prime factors of 11770.
2, 5, 11, 107
List the prime factors of 633.
3, 211
What are the prime factors of 1503?
3, 167
List the prime factors of 538.
2, 269
What are the prime factors of 1740?
2, 3, 5, 29
What are the prime factors of 71472?
2, 3, 1489
What are the prime factors of 505?
5, 101
What are the prime factors of 1839?
3, 613
List the prime factors of 154.
2, 7, 11
What are the prime factors of 878?
2, 439
List the prime factors of 22382.
2, 19, 31
List the prime factors of 154427.
7, 13, 1697
List the prime factors of 993.
3, 331
List the prime factors of 4001.
4001
What are the prime factors of 11168?
2, 349
What are the prime factors of 1967?
7, 281
What are the prime factors of 865?
5, 173
What are the prime factors of 74103?
3, 17, 1453
List the prime factors of 18921.
3, 7, 17, 53
List the prime factors of 23170.
2, 5, 7, 331
List the prime factors of 469.
7, 67
List the prime factors of 15648.
2, 3, 163
What are the prime factors of 3517?
3517
List the prime factors of 33231.
3, 11, 19, 53
What are the prime factors of 46030?
2, 5, 4603
List the prime factors of 2055.
3, 5, 137
List the prime factors of 111828.
2, 3, 9319
List the prime factors of 376.
2, 47
List the prime factors of 398.
2, 199
List the prime factors of 58985.
5, 47, 251
List the prime factors of 3560.
2, 5, 89
List the prime factors of 160.
2, 5
What are the prime factors of 182?
2, 7, 13
List the prime factors of 2545.
5, 509
What are the prime factors of 15931?
89, 179
List the prime factors of 45013.
45013
List the prime factors of 65852.
2, 101, 163
What are the prime factors of 2526?
2, 3, 421
What are the prime factors of 3077?
17, 181
What are the prime factors of 112419?
3, 12491
What are the prime factors of 524?
2, 131
What are the prime factors of 35362?
2, 17681
What are the prime factors of 109?
109
List the prime factors of 2186.
2, 1093
What are the prime factors of 7320?
2, 3, 5, 61
What are the prime factors of 2094?
2, 3, 349
What are the prime factors of 46907?
7, 6701
What are the prime factors of 7707?
3, 7, 367
What are the prime factors of 815?
5, 163
List the prime factors of 300.
2, 3, 5
List the prime factors of 3233.
53, 61
List the prime factors of 531.
3, 59
What are the prime factors of 17653?
127, 139
List the prime factors of 29998.
2, 53, 283
List the prime factors of 59195.
5, 11839
List the prime factors of 27.
3
What are the prime factors of 933?
3, 311
What are the prime factors of 2518?
2, 1259
List the prime factors of 46846.
2, 59, 397
What are the prime factors of 21141?
3, 29
List the prime factors of 1868.
2, 467
What are the prime factors of 126789?
3, 13, 3251
What are the prime factors of 81712?
2, 5107
List the prime factors of 6301.
6301
List the prime factors of 3731.
7, 13, 41
List the prime factors of 73544.
2, 29, 317
What are the prime factors of 25376?
2, 13, 61
List the prime factors of 966.
2, 3, 7, 23
What are the prime factors of 11153?
19, 587
What are the prime factors of 4964?
2, 17, 73
List the prime factors of 9710.
2, 5, 971
What are the prime factors of 12813?
3, 4271
What are the prime factors of 3692?
2, 13, 71
List the prime factors of 173131.
7, 24733
What are the prime factors of 11393?
11393
List the prime factors of 45477.
3, 31, 163
List the prime factors of 569.
569
List the prime factors of 73685.
5, 14737
List the prime factors of 62410.
2, 5, 79
List the prime factors of 43751.
67, 653
What are the prime factors of 544?
2, 17
What are the prime factors of 41363?
7, 19, 311
What are the prime factors of 650?
2, 5, 13
List the prime factors of 6368.
2, 199
List the prime factors of 7689.
3, 11, 233
What are the prime factors of 13553?
13553
What are the prime factors of 153586?
2, 41, 1873
What are the prime factors of 99506?
2, 11, 4523
List the prime factors of 5837.
13, 449
List the prime factors of 5880.
2, 3, 5, 7
What are the prime factors of 22974?
2, 3, 7, 547
What are the prime factors of 18183?
3, 11, 19, 29
What are the prime factors of 2384?
2, 149
List the prime factors of 2093.
7, 13, 23
What are the prime factors of 9555?
3, 5, 7, 13
What are the prime factors of 593?
593
List the prime factors of 3582.
2, 3, 199
What are the prime factors of 1709?
1709
List the prime factors of 2087.
2087
List the prime factors of 13950.
2, 3, 5, 31
List the prime factors of 139943.
139943
List the prime factors of 5898.
2, 3, 983
List the prime factors of 1112.
2, 139
List the prime factors of 18516.
2, 3, 1543
List the prime factors of 154412.
2, 38603
What are the prime factors of 5678?
2, 17, 167
List the prime factors of 402.
2, 3, 67
What are the prime factors of 93103?
93103
What are the prime factors of 2667?
3, 7, 127
What are the prime factors of 21947?
17, 1291
List the prime factors of 36183.
3, 7, 1723
What are the prime factors of 11171?
11171
List the prime factors of 796.
2, 199
What are the prime factors of 3451?
7, 17, 29
What are the prime factors of 1099?
7, 157
List the prime factors of 1278.
2, 3, 71
List the prime factors of 1266.
2, 3, 211
What are the prime factors of 128231?
17, 19, 397
What are the prime factors of 54?
2, 3
What are the prime factors of 58231?
58231
List the prime factors of 17548.
2, 41, 107
What are the prime factors of 1849?
43
List the prime factors of 13005.
3, 5, 17
What are the prime factors of 27628?
2, 6907
List the prime factors of 12133.
11, 1103
List the prime factors of 11587.
11587
List the prime factors of 69987.
3, 41, 569
List the prime factors of 5750.
2, 5, 23
List the prime factors of 2020.
2, 5, 101
What are the prime factors of 1010?
2, 5, 101
What are the prime factors of 772?
2, 193
What are the prime factors of 838?
2, 419
What are the prime factors of 10381?
7, 1483
What are the prime factors of 110027?
47, 2341
List the prime factors of 25148.
2, 6287
What are the prime factors of 460?
2, 5, 23
List the prime factors of 1068.
2, 3, 89
List the prime factors of 2011.
2011
What are the prime factors of 18936?
2, 3, 263
List the prime factors of 39444.
2, 3, 19, 173
List the prime factors of 20729.
19, 1091
List the prime factors of 10431.
3, 19, 61
What are the prime factors of 6901?
67, 103
List the prime factors of 3084.
2, 3, 257
List the prime factors of 96989.
96989
List the prime factors of 102060.
2, 3, 5, 7
What are the prime factors of 17869?
107, 167
What are the prime factors of 17884?
2, 17, 263
What are the prime factors of 257?
257
What are the prime factors of 99365?
5, 7, 17, 167
List the prime factors of 243.
3
What are the prime factors of 1119?
3, 373
What are the prime factors of 23942?
2, 11971
What are the prime factors of 1464?
2, 3, 61
List the prime factors of 983.
983
List the prime factors of 21230.
2, 5, 11, 193
What are the prime factors of 62966?
2, 19, 1657
List the prime factors of 4650.
2, 3, 5, 31
List the prime factors of 580.
2, 5, 29
List the prime factors of 77153.
77153
List the prime factors of 8148.
2, 3, 7, 97
What are the prime factors of 2539?
2539
List the prime factors of 99443.
277, 359
What are the prime factors of 40023?
3, 4447
List the prime factors of 1625.
5, 13
List the prime factors of 3617.
3617
List the prime factors of 29663.
29663
List the prime factors of 6320.
2, 5, 79
List the prime factors of 2905.
5, 7, 83
What are the prime factors of 115401?
3, 11, 13, 269
List the prime factors of 6677.
11, 607
List the prime factors of 3123.
3, 347
List the prime factors of 138683.
138683
What are the prime factors of 2321?
11, 211
List the prime factors of 9085.
5, 23, 79
What are the prime factors of 2237?
2237
List the prime factors of 230